
197
What are the prime factors of 29487?
3, 9829
What are the prime factors of 1303?
1303
List the prime factors of 812.
2, 7, 29
List the prime factors of 98424.
2, 3, 1367
List the prime factors of 1095.
3, 5, 73
List the prime factors of 1819.
17, 107
List the prime factors of 26.
2, 13
List the prime factors of 7246.
2, 3623
List the prime factors of 6757.
29, 233
List the prime factors of 217.
7, 31
What are the prime factors of 5146?
2, 31, 83
What are the prime factors of 41458?
2, 19, 1091
What are the prime factors of 191120?
2, 5, 2389
What are the prime factors of 32908?
2, 19, 433
What are the prime factors of 22375?
5, 179
What are the prime factors of 2577?
3, 859
What are the prime factors of 1034?
2, 11, 47
What are the prime factors of 1264?
2, 79
What are the prime factors of 3147?
3, 1049
List the prime factors of 9695.
5, 7, 277
List the prime factors of 9599.
29, 331
What are the prime factors of 2620?
2, 5, 131
List the prime factors of 3898.
2, 1949
List the prime factors of 166.
2, 83
List the prime factors of 1902.
2, 3, 317
What are the prime factors of 96598?
2, 48299
What are the prime factors of 1181?
1181
What are the prime factors of 1838?
2, 919
List the prime factors of 5583.
3, 1861
List the prime factors of 7704.
2, 3, 107
What are the prime factors of 290?
2, 5, 29
What are the prime factors of 67074?
2, 3, 7, 1597
List the prime factors of 80348.
2, 53, 379
List the prime factors of 2304.
2, 3
List the prime factors of 5624.
2, 19, 37
What are the prime factors of 363?
3, 11
What are the prime factors of 6049?
23, 263
List the prime factors of 4053.
3, 7, 193
List the prime factors of 2562.
2, 3, 7, 61
List the prime factors of 944.
2, 59
What are the prime factors of 14357?
7, 293
List the prime factors of 52266.
2, 3, 31, 281
What are the prime factors of 1796?
2, 449
What are the prime factors of 2744?
2, 7
List the prime factors of 16583.
7, 23, 103
List the prime factors of 1912.
2, 239
What are the prime factors of 6295?
5, 1259
What are the prime factors of 96470?
2, 5, 11, 877
What are the prime factors of 729?
3
List the prime factors of 616.
2, 7, 11
List the prime factors of 5008.
2, 313
What are the prime factors of 5664?
2, 3, 59
List the prime factors of 7139.
11, 59
List the prime factors of 1688.
2, 211
What are the prime factors of 18832?
2, 11, 107
List the prime factors of 23886.
2, 3, 1327
List the prime factors of 65475.
3, 5, 97
List the prime factors of 17590.
2, 5, 1759
What are the prime factors of 66453?
3, 17, 1303
List the prime factors of 96417.
3, 3571
What are the prime factors of 70007?
7, 73, 137
List the prime factors of 3612.
2, 3, 7, 43
List the prime factors of 2460.
2, 3, 5, 41
List the prime factors of 14926.
2, 17, 439
List the prime factors of 4113.
3, 457
List the prime factors of 12504.
2, 3, 521
What are the prime factors of 8341?
19, 439
List the prime factors of 30511.
13, 2347
List the prime factors of 107.
107
List the prime factors of 109070.
2, 5, 13, 839
List the prime factors of 1053.
3, 13
List the prime factors of 37398.
2, 3, 23, 271
List the prime factors of 31092.
2, 3, 2591
List the prime factors of 4848.
2, 3, 101
What are the prime factors of 4199?
13, 17, 19
List the prime factors of 513.
3, 19
What are the prime factors of 109145?
5, 83, 263
List the prime factors of 623.
7, 89
What are the prime factors of 11304?
2, 3, 157
What are the prime factors of 14207?
14207
What are the prime factors of 705?
3, 5, 47
List the prime factors of 2430.
2, 3, 5
List the prime factors of 100002.
2, 3, 7, 2381
What are the prime factors of 28856?
2, 3607
What are the prime factors of 867?
3, 17
What are the prime factors of 92606?
2, 19, 2437
List the prime factors of 124795.
5, 11, 2269
What are the prime factors of 2531?
2531
List the prime factors of 1928.
2, 241
What are the prime factors of 10832?
2, 677
What are the prime factors of 50536?
2, 6317
List the prime factors of 3256.
2, 11, 37
What are the prime factors of 7806?
2, 3, 1301
What are the prime factors of 5701?
5701
What are the prime factors of 480?
2, 3, 5
List the prime factors of 4455.
3, 5, 11
What are the prime factors of 37540?
2, 5, 1877
What are the prime factors of 17989?
17989
What are the prime factors of 10009?
10009
What are the prime factors of 18619?
43, 433
What are the prime factors of 1835?
5, 367
List the prime factors of 1091.
1091
What are the prime factors of 13111?
7, 1873
List the prime factors of 5423.
11, 17, 29
What are the prime factors of 9238?
2, 31, 149
What are the prime factors of 174879?
3, 17, 127
List the prime factors of 7756.
2, 7, 277
List the prime factors of 24331.
29, 839
What are the prime factors of 875?
5, 7
List the prime factors of 40052.
2, 17, 19, 31
List the prime factors of 32409.
3, 13, 277
List the prime factors of 4049.
4049
List the prime factors of 2552.
2, 11, 29
List the prime factors of 6459.
3, 2153
What are the prime factors of 68534?
2, 34267
List the prime factors of 850.
2, 5, 17
What are the prime factors of 827?
827
What are the prime factors of 22063?
22063
What are the prime factors of 15719?
11, 1429
What are the prime factors of 612?
2, 3, 17
List the prime factors of 3839.
11, 349
List the prime factors of 1261.
13, 97
List the prime factors of 1016.
2, 127
What are the prime factors of 64647?
3, 11, 653
What are the prime factors of 18193?
7, 23, 113
List the prime factors of 14486.
2, 7243
What are the prime factors of 1827?
3, 7, 29
List the prime factors of 1486.
2, 743
What are the prime factors of 2436?
2, 3, 7, 29
List the prime factors of 59529.
3, 19843
List the prime factors of 1400.
2, 5, 7
List the prime factors of 865.
5, 173
What are the prime factors of 8097?
3, 2699
What are the prime factors of 11626?
2, 5813
What are the prime factors of 1366?
2, 683
What are the prime factors of 3284?
2, 821
List the prime factors of 98.
2, 7
List the prime factors of 1062.
2, 3, 59
What are the prime factors of 3395?
5, 7, 97
List the prime factors of 2141.
2141
What are the prime factors of 20088?
2, 3, 31
What are the prime factors of 2164?
2, 541
What are the prime factors of 5105?
5, 1021
List the prime factors of 1846.
2, 13, 71
What are the prime factors of 2374?
2, 1187
What are the prime factors of 4190?
2, 5, 419
What are the prime factors of 2035?
5, 11, 37
List the prime factors of 23994.
2, 3, 31, 43
What are the prime factors of 128?
2
What are the prime factors of 3101?
7, 443
What are the prime factors of 243?
3
What are the prime factors of 2512?
2, 157
List the prime factors of 294.
2, 3, 7
List the prime factors of 51315.
3, 5, 11, 311
List the prime factors of 13034.
2, 7, 19
What are the prime factors of 8077?
41, 197
What are the prime factors of 273?
3, 7, 13
List the prime factors of 2433.
3, 811
List the prime factors of 24.
2, 3
List the prime factors of 41874.
2, 3, 7, 997
List the prime factors of 2652.
2, 3, 13, 17
List the prime factors of 16535.
5, 3307
What are the prime factors of 2796?
2, 3, 233
What are the prime factors of 29963?
19, 83
List the prime factors of 5686.
2, 2843
List the prime factors of 20438.
2, 11, 929
What are the prime factors of 16258?
2, 11, 739
List the prime factors of 60.
2, 3, 5
What are the prime factors of 6192?
2, 3, 43
List the prime factors of 1638.
2, 3, 7, 13
What are the prime factors of 3900?
2, 3, 5, 13
What are the prime factors of 43324?
2, 10831
List the prime factors of 477.
3, 53
List the prime factors of 5924.
2, 1481
What are the prime factors of 5136?
2, 3, 107
What are the prime factors of 4253?
4253
List the prime factors of 181.
181
List the prime factors of 854.
2, 7, 61
What are the prime factors of 1848?
2, 3, 7, 11
What are the prime factors of 7080?
2, 3, 5, 59
What are the prime factors of 89200?
2, 5, 223
What are the prime factors of 14573?
13, 19, 59
What are the prime factors of 2061?
3, 229
What are the prime factors of 545?
5, 109
What are the prime factors of 3820?
2, 5, 191
List the prime factors of 36480.
2, 3, 5, 19
What are the prime factors of 769?
769
List the prime factors of 989.
23, 43
List the prime factors of 30954.
2, 3, 7, 11, 67
What are the prime factors of 9754?
2, 4877
What are the prime factors of 551?
19, 